{"id":35,"date":"2017-03-27T17:47:35","date_gmt":"2017-03-27T15:47:35","guid":{"rendered":"http:\/\/alexandremegret.com\/?page_id=35"},"modified":"2024-08-26T17:37:21","modified_gmt":"2024-08-26T15:37:21","slug":"ego","status":"publish","type":"page","link":"https:\/\/alexandremegret.com\/index.php\/fr\/ego\/","title":{"rendered":"Parcours"},"content":{"rendered":"<p><span style=\"font-weight: 400;\">J\u2019ai grandi et je vis en Bretagne, o\u00f9 apr\u00e8s des \u00e9tudes d\u2019ing\u00e9nieur en t\u00e9l\u00e9communications j\u2019ai travaill\u00e9 pendant vingt ans dans les technologies de l\u2019information.<\/span><\/p>\n<p><span style=\"font-weight: 400;\">En parall\u00e8le, j\u2019ai conserv\u00e9 une pratique sportive vari\u00e9e et continue &#8211; passion transmise d\u00e8s l\u2019enfance par mes parents m\u00e9decin du sport et kin\u00e9sith\u00e9rapeute &#8211; avec au fil du temps le d\u00e9veloppement d\u2019un int\u00e9r\u00eat particulier pour le surf et la pr\u00e9paration physique associ\u00e9e.<\/span><\/p>\n<p><span style=\"font-weight: 400;\">J\u2019ai d\u00e9couvert le Yoga en 2002 suite \u00e0 une intervention s\u00e9rieuse de <a href=\"https:\/\/alexandremegret.com\/index.php\/fr\/2017\/06\/12\/comment-le-yoga-ma-eu\/\">neurochirurgie<\/a>. La pratique des postures, l&#8217;\u00e9coute du souffle, les enseignements traditionnels et l&#8217;assise m\u00e9ditative ont \u00e9t\u00e9 clefs dans ma convalescence. D\u00e8s lors, le Yoga ne m\u2019a plus quitt\u00e9, et en 2016, pouss\u00e9 par la perte de sens de mon m\u00e9tier d\u2019ing\u00e9nieur, j\u2019ai d\u00e9cid\u00e9 d\u2019en faire mon activit\u00e9 professionnelle.<\/span><\/p>\n<p>D\u00e9but 2017 j&#8217;ai suivi un Teacher Training Course de 200 heures \u00e0 <a href=\"http:\/\/www.samyakyoga.org\/\" target=\"_blank\" rel=\"noopener noreferrer\">Samyak Yoga<\/a>\u00a0\u00e0 Mysore, en Inde, donnant\u00a0la certification <a href=\"https:\/\/www.yogaalliance.org\/\" target=\"_blank\" rel=\"noopener noreferrer\">Yoga Alliance<\/a> RYT200.<\/p>\n<p>J&#8217;ai suivi ensuite le cursus &#8220;Yoga sans d\u00e9g\u00e2ts&#8221; \u00e0 l&#8217;<a href=\"http:\/\/www.degasquet.com\/\" target=\"_blank\" rel=\"noopener noreferrer\">Institut de Gasquet<\/a> \u00e0 Paris (80h) que j&#8217;ai termin\u00e9 en Juin 2017.<\/p>\n<p>En Octobre 2017, j&#8217;ai d\u00e9marr\u00e9 un cycle de formation de 500 heures \u00e0 l<a href=\"http:\/\/www.idyt.com\/\" target=\"_blank\" rel=\"noopener noreferrer\">&#8216;Institut de Yogath\u00e9rapie <\/a>\u00a0du Dr Lionel Coudron. A l&#8217;automne 2019, j&#8217;ai soutenu mon m\u00e9moire sur <span style=\"font-weight: 400;\">l\u2019accompagnement d\u2019une jeune femme atteinte de troubles du comportement.<\/span><\/p>\n<p>Je suis dans un processus d&#8217;apprentissage continu, qui me passionne, en particulier dans le domaine sport sant\u00e9 et la mobilit\u00e9 &#8211; formation Kinstretch en 2020 et Forme Sant\u00e9 en 2021.<\/p>\n<p>En 2021 je me suis form\u00e9 au Yoga Nidra, avec l&#8217;\u00e9cole de Yoga Mathieu, et<span style=\"font-size: revert; color: initial;\"> en 2023 j&#8217;ai suivi une formation et valid\u00e9 un dipl\u00f4me d&#8217;animateur de loisir sportif, je suis titulaire d&#8217;une carte professionnelle d&#8217;\u00e9ducateur sportif.<\/span><\/p>\n<p style=\"text-align: left;\">\u00a0<\/p>\n\n<div class=\"wp-block-image\">\n<figure class=\"alignleft is-resized\"><img loading=\"lazy\" decoding=\"async\" width=\"300\" height=\"300\" src=\"https:\/\/alexandremegret.com\/wp-content\/uploads\/2022\/05\/cursus-complet-de-yogz-300x300.jpg\" alt=\"\" class=\"wp-image-734\" style=\"width:155px;height:155px\" srcset=\"https:\/\/alexandremegret.com\/wp-content\/uploads\/2022\/05\/cursus-complet-de-yogz-300x300.jpg 300w, https:\/\/alexandremegret.com\/wp-content\/uploads\/2022\/05\/cursus-complet-de-yogz-300x300-150x150.jpg 150w, https:\/\/alexandremegret.com\/wp-content\/uploads\/2022\/05\/cursus-complet-de-yogz-300x300-100x100.jpg 100w\" sizes=\"auto, (max-width: 300px) 100vw, 300px\" \/><\/figure>\n<\/div>\n\n\n<figure class=\"wp-block-image is-resized\"><img loading=\"lazy\" decoding=\"async\" width=\"331\" height=\"152\" src=\"https:\/\/alexandremegret.com\/wp-content\/uploads\/2022\/05\/t\u00e9l\u00e9chargement.png\" alt=\"\" class=\"wp-image-732\" style=\"width:178px;height:82px\" srcset=\"https:\/\/alexandremegret.com\/wp-content\/uploads\/2022\/05\/t\u00e9l\u00e9chargement.png 331w, https:\/\/alexandremegret.com\/wp-content\/uploads\/2022\/05\/t\u00e9l\u00e9chargement-300x138.png 300w\" sizes=\"auto, (max-width: 331px) 100vw, 331px\" \/><\/figure>\n\n\n<div class=\"wp-block-image\">\n<figure class=\"alignleft\"><img loading=\"lazy\" decoding=\"async\" width=\"100\" height=\"100\" src=\"https:\/\/alexandremegret.com\/wp-content\/uploads\/2017\/03\/RYT200.png\" alt=\"\" class=\"wp-image-146\"\/><\/figure>\n<\/div>\n\n\n<figure class=\"wp-block-image is-resized\"><img loading=\"lazy\" decoding=\"async\" width=\"200\" height=\"200\" src=\"https:\/\/alexandremegret.com\/wp-content\/uploads\/2022\/05\/244573908_3323592201249388_3561111329551688727_n.jpg\" alt=\"\" class=\"wp-image-735\" style=\"width:125px;height:auto\" srcset=\"https:\/\/alexandremegret.com\/wp-content\/uploads\/2022\/05\/244573908_3323592201249388_3561111329551688727_n.jpg 200w, https:\/\/alexandremegret.com\/wp-content\/uploads\/2022\/05\/244573908_3323592201249388_3561111329551688727_n-150x150.jpg 150w, https:\/\/alexandremegret.com\/wp-content\/uploads\/2022\/05\/244573908_3323592201249388_3561111329551688727_n-100x100.jpg 100w\" sizes=\"auto, (max-width: 200px) 100vw, 200px\" \/><\/figure>\n\n\n\n<figure class=\"wp-block-image size-full is-resized\"><img loading=\"lazy\" decoding=\"async\" width=\"768\" height=\"540\" src=\"https:\/\/alexandremegret.com\/wp-content\/uploads\/2024\/03\/Screenshot-2024-03-14-09.30.24-768x540-1.png\" alt=\"\" class=\"wp-image-889\" style=\"width:239px;height:auto\" srcset=\"https:\/\/alexandremegret.com\/wp-content\/uploads\/2024\/03\/Screenshot-2024-03-14-09.30.24-768x540-1.png 768w, https:\/\/alexandremegret.com\/wp-content\/uploads\/2024\/03\/Screenshot-2024-03-14-09.30.24-768x540-1-300x211.png 300w\" sizes=\"auto, (max-width: 767px) 89vw, (max-width: 1000px) 54vw, (max-width: 1071px) 543px, 580px\" \/><\/figure>\n","protected":false},"excerpt":{"rendered":"<p>J\u2019ai grandi et je vis en Bretagne, o\u00f9 apr\u00e8s des \u00e9tudes d\u2019ing\u00e9nieur en t\u00e9l\u00e9communications j\u2019ai travaill\u00e9 pendant vingt ans dans les technologies de l\u2019information. En parall\u00e8le, j\u2019ai conserv\u00e9 une pratique sportive vari\u00e9e et continue &#8211; passion transmise d\u00e8s l\u2019enfance par mes parents m\u00e9decin du sport et kin\u00e9sith\u00e9rapeute &#8211; avec au fil du temps le d\u00e9veloppement &hellip; <\/p>\n<p class=\"link-more\"><a href=\"https:\/\/alexandremegret.com\/index.php\/fr\/ego\/\" class=\"more-link\">Continue reading<span class=\"screen-reader-text\"> &#8220;Parcours&#8221;<\/span><\/a><\/p>\n","protected":false},"author":1,"featured_media":0,"parent":0,"menu_order":0,"comment_status":"closed","ping_status":"closed","template":"","meta":{"footnotes":""},"class_list":["post-35","page","type-page","status-publish","hentry"],"_links":{"self":[{"href":"https:\/\/alexandremegret.com\/index.php\/wp-json\/wp\/v2\/pages\/35","targetHints":{"allow":["GET"]}}],"collection":[{"href":"https:\/\/alexandremegret.com\/index.php\/wp-json\/wp\/v2\/pages"}],"about":[{"href":"https:\/\/alexandremegret.com\/index.php\/wp-json\/wp\/v2\/types\/page"}],"author":[{"embeddable":true,"href":"https:\/\/alexandremegret.com\/index.php\/wp-json\/wp\/v2\/users\/1"}],"replies":[{"embeddable":true,"href":"https:\/\/alexandremegret.com\/index.php\/wp-json\/wp\/v2\/comments?post=35"}],"version-history":[{"count":35,"href":"https:\/\/alexandremegret.com\/index.php\/wp-json\/wp\/v2\/pages\/35\/revisions"}],"predecessor-version":[{"id":901,"href":"https:\/\/alexandremegret.com\/index.php\/wp-json\/wp\/v2\/pages\/35\/revisions\/901"}],"wp:attachment":[{"href":"https:\/\/alexandremegret.com\/index.php\/wp-json\/wp\/v2\/media?parent=35"}],"curies":[{"name":"wp","href":"https:\/\/api.w.org\/{rel}","templated":true}]}}